u - 16, 0 = -3*u - q*y + 7. What are the prime factors of u?
2
List the prime factors of (-138)/(-8) - (-9)/12.
2, 3
Suppose 3*y = -0*y - 6, k + 5*y = -57. What are the prime factors of (-4)/10 - k/5?
3
List the prime factors of -42*((-6)/(-3))/(-6).
2, 7
Suppose 0 = 2*c - 5*c - 15, 2*c = -p + 30. What are the prime factors of p?
2, 5
Suppose u = -4*a - 54, -3*a = -2*u - 0*u + 46. Suppose 4*n - 91 = z, -4*n + 58 + 18 = -4*z. Let r = n + a. List the prime factors of r.
2, 5
Suppose i - 28 = -3*i + 5*t, 8 = -i + 5*t. Suppose -i = -3*c + 21. What are the prime factors of c?
11
Let t = 24 - -43. List the prime factors of t.
67
Let r(b) = -b + 3. List the prime factors of r(-4).
7
Suppose -4 = 2*t - 12. Suppose -t*o + 0*o + 16 = 0. List the prime factors of o.
2
Suppose -q = -5*z + 26, 2*q - 3*q = z - 10. Suppose 0 = -p - z + 9. List the prime factors of p.
3
Let i = 2 + 0. Let g(b) = 1 - 5*b - 4*b + i*b. What are the prime factors of g(-3)?
2, 11
Let g(w) = w**2 - 4*w - 7. Let r(a) = -a**2 + 3*a + 7. Let q(p) = -5*g(p) - 4*r(p). Suppose -2*u + 15 = 1. List the prime factors of q(u).
2, 7
Suppose -2*u - 11 = 5*o, -2*o = 3*u + o + 3. List the prime factors of u.
2
Let u(i) be the third derivative of -i**5/60 - 7*i**4/24 + 3*i**3/2 - 2*i**2. List the prime factors of u(-7).
3
Suppose -98 = -3*m - 2*c, -4*c - 42 = -2*m + m. List the prime factors of m.
2, 17
Let r(i) = 4*i + 2. Let u be r(2). Let f = -8 + u. Suppose f*o = 22 - 2. What are the prime factors of o?
2, 5
Let y = 14 - -6. List the prime factors of y.
2, 5
Suppose -g + 3 = -5*y + 13, -2 = -y + 2*g. Suppose y*b - 2 = 24. List the prime factors of b.
13
Let n(y) = -y + 5. Let m be n(-2). Let x(h) = h**2 - 3*h - 4. Let q be x(3). What are the prime factors of q/(-14) - (-103)/m?
3, 5
Let w be 5*(-126)/(-15)*-2. What are the prime factors of (-24)/w - 612/(-14)?
2, 11
Let a = -56 + 40. What are the prime factors of a/(-2)*69/12?
2, 23
Let h = 0 + -10. Let w = 19 + h. What are the prime factors of w?
3
Let g(d) = d**2 - 7*d - 1. Let s be g(6). Let k(l) = l**3 + 6*l**2 - 8*l + 2. List the prime factors of k(s).
3
Let w be 0 + 0 + (2 - 62). Let q = 135 + w. Suppose 2*j = 3*s + j - 28, -4*j = 5*s - q. List the prime factors of s.
11
List the prime factors of 1025/20 - (-1)/(-4).
3, 17
Let j = -20 + 33. Let g be 52/(-12) + (-2)/(-6). Let q = j - g. List the prime factors of q.
17
Let o = -30 + 48. Suppose p + 0*p - o = 0. List the prime factors of p.
2, 3
Suppose -52 = r + 421. Let c = r + 333. What are the prime factors of c/30*-3*1?
2, 7
Let l(r) = -r**3 + 4*r**2 + r + 2. Let g be l(4). Suppose -4*c = -3*y - c + g, 0 = 5*y + c - 10. List the prime factors of 21 + (-1)/(-1 + y).
2, 5
Suppose 0 = -3*o + 6*o. Suppose r - 1 = -v + 2, -v = o. What are the prime factors of r?
3
Let q be (-69)/(-12) + 3/12. Let p = -2 + q. Suppose 2*v + v - 6 = 3*s, p*v + 2*s = 38. What are the prime factors of v?
7
Suppose 3*c + 5*d + 1 = -0*d, -5 = -5*c - 5*d. Let m be (-15)/(c/6 - 2). What are the prime factors of m/2 - (1 + -2)?
2, 3
Suppose 32*a - 64 = 30*a. List the prime factors of a.
2
Suppose -p - 44 = -5*p. What are the prime factors of p?
11
Let y = 2 - -3. Suppose -y*b + d + 0*d = -27, -5*d - 25 = -3*b. List the prime factors of b.
5
Let l(v) = -v**2 + 8*v + 2. Let t be l(8). Suppose -2*m + 4*q + 34 = 0, -5 = t*q + 5. What are the prime factors of m?
7
Let d(c) = -c + 12. Let u be d(12). Let y(v) = v**2 + v + 9. What are the prime factors of y(u)?
3
Suppose -7*q + 124 = -3*q. What are the prime factors of q?
31
Let h(l) = l**2 + 7*l + 8. Let y(i) = -i**3 - 4*i**2 + 5*i + 3. Let t be y(-5). Suppose c + 14 = t*a - 9, 0 = -c - 2*a + 2. What are the prime factors of h(c)?
2
List the prime factors of (-8)/4 + (0 + 90 - -1).
89
Suppose j = -3*j - 28. List the prime factors of (j - -5) + 1 + 23.
2, 11
Suppose -3*n = 2*v + 2*v + 51, 3*n = 3*v + 33. Let c = -4 - v. Let b = 11 - c. What are the prime factors of b?
3
List the prime factors of -1*(-1)/4*28.
7
Let j = 4 + 0. Suppose 0 = -j*i - 3*p + 18, -4*p + 14 = -3*i + 40. What are the prime factors of i?
2, 3
Let a = -8 - -5. Let r be 3/(6 - 3)*2. What are the prime factors of r/(-4)*12/a?
2
Let r be (1 - 0)/((-2)/(-4)). Suppose r*c + 66 = -2*w, 0*w = 2*w + 5*c + 75. Let k = -15 - w. List the prime factors of k.
3, 5
Let l(k) = 3*k**2 + 5*k - 3. List the prime factors of l(-9).
3, 5, 13
Let k(w) = w**3 + 8*w**2 + 3*w + 7. Let g be k(-6). Suppose -17 = 4*l - g. List the prime factors of l.
11
Suppose 8*y - 2*y = 294. List the prime factors of y.
7
Let s(v) = v**2 - 6*v - 10. Let j be s(8). Let x = j + -3. Let g = -1 + x. What are the prime factors of g?
2
Suppose -8*m + 191 = -201. List the prime factors of m.
7
Let g = -17 - -21. Suppose -4*d + d - j + 16 = 0, -36 = -5*d - 4*j. Suppose d*a + 6 = 3*h, -2*h + a = g*a - 4. What are the prime factors of h?
2
Suppose 4*d + 3*x - 518 = 794, -1312 = -4*d + 2*x. List the prime factors of d.
2, 41
Suppose -409 = -5*i + 1616. What are the prime factors of i?
3, 5
Let f(s) = s**2 - 6*s - 5. Let k be f(7). Suppose -u - u - 4 = 5*v, -2*u - 2*v + 2 = 0. Suppose -k*t = u*t - 75. What are the prime factors of t?
3, 5
Suppose 0 = -2*s + v - 4*v + 30, -s = 3*v - 21. Let o = 2 + 2. Suppose s - 29 = -o*l. List the prime factors of l.
5
Let q = 30 + 10. Let h = -3 - -9. Suppose -f - q = -h*f. What are the prime factors of f?
2
Let c(y) = -y**2 + 5*y + 3. Suppose 4*r + x = 4*x + 36, -x = 4. Let b be c(r). What are the prime factors of 3*(3 + b - -1)?
3
Let f(p) = -34*p + 1. List the prime factors of f(-1).
5, 7
Suppose -5*o = -4*o - 144. List the prime factors of o.
2, 3
Suppose -m + 16 + 75 = 0. List the prime factors of m.
7, 13
Suppose -8 = 4*b, 2*p - 4*b = 5*p - 4. Suppose -j = 5*y + p*j - 45, -y + j - 1 = 0. Suppose -y*l + 14 = -18. What are the prime factors of l?
2
Let r(d) = -2*d**3 - d**2 + 1. Let n be r(-1). Suppose 2*p + 1 = 3*b, -n*b + 4 = -2*p - 0. Let s = 9 + p. What are the prime factors of s?
2
Let b(z) = 5*z**3 + z + 2. List the prime factors of b(2).
2, 11
Suppose 5*a = -3*x + x + 446, 82 = a + 4*x. What are the prime factors of a?
2, 3, 5
Let t(b) = 7*b**2 + 2*b + 1. Let a be t(2). Let s = a - 3. Suppose 3*z = s - 0. What are the prime factors of z?
2, 5
Suppose 0 = -l - 2*l + 6. Suppose -p = l*p. Suppose -3*r - 2*r = 3*m - 38, 4*m + 16 = p. List the prime factors of r.
2, 5
Let y = -3 + 8. Suppose 0 = y*n - 4*n. List the prime factors of 5 - (2 - (n - 0)).
3
Suppose 0*o - 4*v = 5*o - 507, 0 = 3*o - 2*v - 313. List the prime factors of o.
103
Let q(y) = -2 + 6*y + 2 + 1 - 2. What are the prime factors of q(3)?
17
Suppose 3*n + 6 = -30. Let a = -2 - n. What are the prime factors of a?
2, 5
Let j(l) = 5*l**3 - l**2 - 17*l + 20. Let f(h) = -3*h**3 + h**2 + 11*h - 13. Let d(k) = -8*f(k) - 5*j(k). List the prime factors of d(-3).
13
What are the prime factors of -3 - 12*(-74)/4?
3, 73
Let v(k) be the second derivative of -5*k**3/6 - 5*k**2/2 + 2*k. What are the prime factors of v(-6)?
5
Let m be 12/15*(-2 + -3). Let w = m - -10. What are the prime factors of 0*(-2)/w - -19?
19
Suppose 7*x - 150 = x. What are the prime factors of x?
5
Suppose 97 + 164 = -3*c. What are the prime factors of (2/(-6))/(1/c)?
29
Let f = -28 + 39. Let z be (-2)/f - (-114)/22. Suppose 0 = 2*x + 3*r - z - 6, 5*r = -x - 12. What are the prime factors of x?
13
Suppose -26*h - 1582 = -33*h. What are the prime factors of h?
2, 113
Let a(q) = 3*q - 4. Let d(l) = 3*l - 4. Let y(t) = 5*a(t) - 4*d(t). What are the prime factors of y(3)?
5
Let l(o) = 28*o + 1. Let g be l(1). Let w = -10 + g. Suppose w = 2*s + 5. List the prime factors of s.
7
Let r(f) = -14*f - 39. List the prime factors of r(-14).
157
Let g = -25 - -38. Let o(f) = 6*f + 1. Let c be o(4). Let r = c - g. What are the prime factors of r?
2, 3
Let p(z) = z**2 + 5*z - 2. Suppose -k + 6 = 2. Suppose -16 + 40 = -k*t. List the prime factors of p(t).
2
Suppose 5*q = 4*q + 1. Let f = 1 + q. What are the prime factors of f?
2
Suppose -v = 18 - 62. Suppose -5*b + 4*q = -3*b - v, -5*b + 4*q = -86. List the prime factors of b.
2, 7
Let y = 1 + 25. What are the prime factors of y?
2, 13
Suppose -165 = -k - 2*k. List the prime factors of 10/k - 634/(-22).
29
Let y = 383 + -264. List the prime factors of